e of -y**2/2 + 1. Let z(b) = -6*q(b) - u(b). Give z(1).
4
Let f(r) = 2*r + 7. Suppose 0 = -z + 7*v - 3*v + 13, 0 = -5*z - 4*v - 55. What is f(z)?
-7
Suppose -j - 12 = -3*f - f, 0 = -4*j - 2*f + 6. Let u(k) = -1 + j + 4 + k. Give u(5).
8
Let c be -5 + 7 + (2 - 2). Let q(f) = -f - 5*f**2 + 5*f**2 + 4*f**3 + f**2 + f**c. What is q(1)?
5
Let d be 0 + (-4)/(-1) - 10. Let v(r) = 0 - 6*r**2 + 5*r**2 + 5*r - 7 + 2*r**2. Give v(d).
-1
Let a(k) be the third derivative of -k**6/120 + 7*k**5/60 - 7*k**4/24 - k**3 + 7*k**2. What is a(6)?
-12
Let i = 19 - 10. Let b(c) = c**3 + c**2 - 9*c - 8. Let w(m) = 4*m**3 + 3*m**2 - 37*m - 33. Let n(p) = i*b(p) - 2*w(p). Let k = -11 + 7. Determine n(k).
6
Suppose 2*y - y + 3 = 0. Let x(h) be the third derivative of h**5/60 + h**4/12 + 2*h**3/3 - 4*h**2. Calculate x(y).
7
Let t(d) = 3*d - 6. Let n be t(3). Let a(q) = 2*q**2 - 5*q + 3. Give a(n).
6
Suppose -5*r - 37 = -5*t + 8, 5*t - 33 = 2*r. Let n(m) be the third derivative of -m**4/8 - 5*m**3/6 + m**2. Give n(r).
7
Let i(g) = -3*g + 6. Let j(d) = d. Let q(x) = i(x) + 6*j(x). Let o be -9 - -9 - (-1 + -6). Suppose -w = -4*z - o, z = -0*w - 3*w - 18. Calculate q(w).
-9
Let b(t) = t**2 + 9*t + 5. Let o(z) = -1. Let n(p) = -b(p) + 5*o(p). What is n(-7)?
4
Let z = -1 - -1. Let y = -4 - z. Let b(t) be the first derivative of -t**2 - 2*t - 4. Calculate b(y).
6
Let r(n) be the second derivative of -n**4/12 + n**3/2 + n**2 - 2*n - 3. Let w = -7 - -31. Suppose 0 = -v - 5*c, -5*v + c - 2*c + w = 0. What is r(v)?
-8
Let n(t) be the third derivative of -1/60*t**5 - 1/2*t**3 - 2*t**2 + 0*t + 0 + 1/12*t**4. Determine n(2).
-3
Let a be (-36)/27 - (-22)/(-6). Let h(w) = -w**2 + 5*w - 1. Let g be h(3). Let z(j) = -j + j - j - g. Give z(a).
0
Let s(v) = 0 - 4*v + 7 - 8. Calculate s(-2).
7
Let v(c) = -c. Suppose 0*h + 4*y + 10 = 2*h, 0 = h + y + 10. Give v(h).
5
Let q(r) = -2*r - 2. Let s(f) = -5*f - 1. Let j(t) = t. Let c(h) = 4*j(h) + s(h). Let z(i) = -3*c(i) + 2*q(i). What is z(3)?
-4
Suppose -41 = 5*w - 11. Let p(k) = -k**3 - 3*k**2 - 10*k + 8. Let m(h) = 2*h**3 + 7*h**2 + 19*h - 15. Let b(g) = 4*m(g) + 7*p(g). What is b(w)?
-4
Suppose -3*g + 16 = g. Suppose 7 = 2*o - r, 5*o - 18 = 5*r + 12. Suppose 23 = 4*q - k - g*k, -2*q - k = -o. Let v(n) = 2*n**2 - 3*n. What is v(q)?
2
Suppose 3*o - 5*u = 8, 3*o - 4*u - 9 = -2*o. Let i(z) = -1 + 110*z - 10*z**2 - 218*z + 109*z. What is i(o)?
-10
Let v(k) = -7*k**3 - k**2 + k + 1. Let x(t) = -10 + 6*t - 7*t - 1. Let r be x(-10). Calculate v(r).
6
Suppose 0 = -t + 5*m + 55, -4*t + 165 = t - 3*m. Suppose -4*a + t = -a. Let o = a + -5. Let v(d) = d - 8. What is v(o)?
-3
Let r(o) be the second derivative of o**3/6 + 9*o**2/2 - 32*o. Calculate r(-4).
5
Let k(u) = u - 14. Let o be k(6). Let v = 7 + o. Let m(s) = -8*s**3 - 2*s - 1. Calculate m(v).
9
Let i(r) = r - 12. Let m = -76 + 85. What is i(m)?
-3
Let u(o) = -4*o**2 + 4*o - 3. Let c(g) = -7*g**2 + 7*g - 6. Let t(y) = -3*c(y) + 5*u(y). Let s(r) = -r - 3. Let h be s(-3). Calculate t(h).
3
Let o(q) = -q**2 + 4*q - 2. Let h be ((-40)/(-16))/((-1)/(-2)). Calculate o(h).
-7
Let r(w) = -16*w + 1. Let d(b) = -b. Let g(s) = -2*d(s) + r(s). Give g(-1).
15
Let t(j) = 3*j**2 + 10*j + 3. Let l(r) = -r**2 - r - 1. Let h(x) = 4*l(x) + t(x). Let i(w) = 5*w - 4. Let a be i(9). Suppose 0 = 5*d + 11 - a. Determine h(d).
-1
Let s be (2/(-5))/(3/(-30)). Suppose -s*a = -2*h + 16, -2*h - 4*a - 9 + 1 = 0. Let v(w) = -2*w - 2*w + w**h + 0 - w + 2. Determine v(2).
-4
Let k(m) = -m**2 + 10*m - 6. Let h(l) = 2*l**2 - 20*l + 13. Let c(p) = -4*h(p) - 7*k(p). Give c(7).
11
Let d(i) = -i + 1. Suppose -5*v + 2*j = -0*v - 13, 4*j + 8 = 4*v. Determine d(v).
-2
Let i be (0 - 1) + (2 - -1). Let r(q) = -2*q - q**i + q - 4 + 9. Let p = 1 - 5. Give r(p).
-7
Let t(m) = -m**2 - 4*m - 3. Let p(r) = 3*r**2 + 11*r + 8. Suppose 0 = -y - 7 + 18. Let h(q) = y*t(q) + 4*p(q). What is h(0)?
-1
Suppose 14*c = 10*c + 20. Let i(f) be the third derivative of -1/60*f**c + 0*f - 1/24*f**4 + f**2 + 1/3*f**3 + 0. Calculate i(-3).
-4
Let s = -51 + 49. Let v(d) = -3*d**3 - 4*d**2 - 4*d - 2. Calculate v(s).
14
Let o(v) be the first derivative of v**3/6 - 5*v**2/2 + 3*v + 4. Let n(r) be the first derivative of o(r). Let q be -2 + (-1 - (-6)/2). Calculate n(q).
-5
Let c(a) = a**3 + 4*a**2 + 3*a + 4. Let m(s) = -s + 4. Let f = 149 - 98. Suppose 3*r = -5*z - 7 + 54, -4*r + f = 5*z. Let v be m(z). Calculate c(v).
4
Let c(q) = -4 + 2 - 4*q + q**2 + 3. Suppose -5*j + 2*j = 12, 4*i = -4*j + 4. What is c(i)?
6
Let y(c) = 5*c**3 + 6*c**2 - 1. Let s(b) = -5*b**3 - 7*b**2 + 1. Let k(p) = 4*s(p) + 5*y(p). Let i = -694 + 693. Give k(i).
-4
Let z(u) = -u**3 - 4*u**2 + 3. Let y(v) = -v**2 + 11*v - 11. Let p be y(9). Let l = p - 10. Calculate z(l).
-6
Let r(x) = x**2 - 3*x. Let m be r(3). Let g(f) be the third derivative of f**6/120 + f**5/60 - f**3/3 + 7*f**2. Calculate g(m).
-2
Let d = -36 + 40. Let v(m) be the second derivative of 1/20*m**5 + 0 - 5/12*m**4 + 1/2*m**3 + m - 1/2*m**2. What is v(d)?
-5
Let b(c) = -6*c**2 + 1. Let f be b(1). Let a(r) = 8*r - 4 + 0*r + 0*r - 10*r. Calculate a(f).
6
Let i(p) = 2*p**2 - 2*p - 4. Suppose -3*v + 10 = 1. Calculate i(v).
8
Let a(v) = -5*v**3 - 3*v - 2. Let h be a(-1). Let q(l) = -2*l + 5. Calculate q(h).
-7
Let w = 14 - 13. Suppose -4*f + 9 - w = 0. Let z(t) = 2*t**3 - 2*t**2 - 2*t + 3. Calculate z(f).
7
Let j(z) = -z + 4. Let d be j(2). Suppose 4*h - 5*b - 16 = 0, -d*h + b - 6 = 2*b. Let y(a) = 2*a**2 + 2*a + 1. Determine y(h).
1
Let a be 1 + 0 - 0 - -5. Suppose -a*g + 3*g = 0. Let l(q) = -q**2 - q - 3. What is l(g)?
-3
Let g(n) = -1. Let s(y) = 3*y + 9. Let u(b) = 5*g(b) + s(b). Suppose -12*f - 19 = 4*p - 13*f, 2*p + 11 = -f. Calculate u(p).
-11
Let p(t) = t**2 + 5*t - 13. Let k be p(-7). Let l(f) = -5*f**3 + f**2 - f + 1. Determine l(k).
-4
Let g(x) = -x**3 + x**2 - 3*x - 1. Let c(v) = v**3 + 2*v**2 - 8*v - 2. Let a be c(-4). Determine g(a).
17
Let x(q) be the second derivative of q**4/4 + q**3/2 + q**2/2 + 3*q. Calculate x(-2).
7
Suppose 3*k - 18 = 5*a, -2*k - 2*k - a + 24 = 0. Let v(w) = 2*w + 3. Calculate v(k).
15
Let w(q) = 0*q**2 - 5*q - 1 - 2*q**2 - 2*q**2 + 3*q**2. Let r = -6 + 6. Suppose r = -c - 2*o - 9 - 0, -3*c = -2*o + 11. Determine w(c).
-1
Let n(w) = 2*w**2 - 12*w - 21. Let c(u) = -u**2 + 6*u + 10. Let y(l) = 13*c(l) + 6*n(l). Calculate y(7).
-3
Let f(s) = -10 - 5 - s + 11. Let d(l) = 3*l + 2. Let a = -5 + 3. Let r be d(a). Give f(r).
0
Let i(k) be the first derivative of -k**3/3 + 2*k**2 - 2*k - 1. What is i(4)?
-2
Let q(j) = j - 8*j + 9*j - 1 - 20*j**3. Determine q(1).
-19
Let a(y) be the third derivative of -y**5/5 + 28*y**2. What is a(1)?
-12
Let h(j) = -j - 14. Let i be h(-7). Let c be (-1)/(-1) - 28/i. Let p(g) = -g + 4. Calculate p(c).
-1
Let w = 8 + -4. Let i(a) = 12 - 3*a - 7 + 0 + 0*a + w*a**2 - a**3. Give i(4).
-7
Let p(o) = o**2 + 4*o - 7. Let u be (3/12)/(2/16). Let a be 3/(-3*u/12). Calculate p(a).
5
Let l = 47 + -45. Let u(z) = 2*z**2 - 2*z - 2. Give u(l).
2
Suppose -5*o + 2*q = -0*q + 18, 0 = o + 5*q - 18. Let z = -1 + 3. Let s(h) = 4*h**z - 1 + 3 - 3*h**2 + 2*h - 2*h**2. What is s(o)?
-6
Suppose 2*i = 12 + 2. Let u(q) = -q + 1. Determine u(i).
-6
Let h(b) = b - 2. Let n be 6/(-12) + (-1)/(-2). Suppose n*l = l. Calculate h(l).
-2
Suppose -2*z - z = 24. Let o = -8 - z. Let r(s) = s**3 + s**2 - s - 2. Determine r(o).
-2
Let s(b) = b + 6. Let o(u) = 2*u + 6. Let l(g) = -g**2 - 10*g - 13. Let r be l(-9). Let c(k) = r*s(k) + 3*o(k). Give c(5).
4
Let v(a) = -2*a**2 + a**2 - 4*a + 11 + 5*a - 8. Calculate v(0).
3
Let b(l) = -l**3 - 3*l**2 - l. Let i = 27 + -29. Determine b(i).
-2
Let s be ((4 - 3) + -1)/3. Let x(v) be the second derivative of -v**5/120 - v**4/12 + v**3/3 - 3*v. Let c(q) be the second derivative of x(q). What is c(s)?
-2
Let l(j) = -2*j - 4. Suppose 0 + 4 = 2*d. Let p(t) = -t**3 + 4*t**2 - t - 2. Let h be p(d). Suppose h*o - 2*y = -22 + 4, 3 = -2*o - 5*y. Give l(o).
4
Let t(x) = 3 + x - 5 - 1. Determine t(3).
0
Let f(d) be the first derivative of -2*d**2 - 1/3*d**3 + 1/4*d**4 + 2*d + 3. Determine f(3).
8
Let g(y) = y**3 + 2*y**2 - y + 2. Let t = 10 + -6. Let j = -7 + t. Give g(j).
-4
Let p(w) be the third derivative of 5*w**2 + 0*w + 0 + 1/24*w**4 - 1/3*w**3. Give p(5).
3
Let a(b) be the s